mainder when 67 is divided by 66.
1
What is the remainder when 627 is divided by 109?
82
Calculate the remainder when 479 is divided by 50.
29
What is the remainder when 2920 is divided by 71?
9
Calculate the remainder when 835 is divided by 414.
7
What is the remainder when 1529 is divided by 41?
12
What is the remainder when 16036 is divided by 27?
25
What is the remainder when 311 is divided by 70?
31
What is the remainder when 625 is divided by 287?
51
Calculate the remainder when 5461 is divided by 1813.
22
What is the remainder when 258 is divided by 65?
63
What is the remainder when 1515 is divided by 66?
63
What is the remainder when 143 is divided by 26?
13
What is the remainder when 3537 is divided by 187?
171
What is the remainder when 778 is divided by 60?
58
Calculate the remainder when 111 is divided by 57.
54
Calculate the remainder when 104 is divided by 52.
0
Calculate the remainder when 452 is divided by 58.
46
What is the remainder when 1535 is divided by 29?
27
Calculate the remainder when 309 is divided by 11.
1
What is the remainder when 1530 is divided by 16?
10
What is the remainder when 80 is divided by 15?
5
Calculate the remainder when 758 is divided by 31.
14
What is the remainder when 11076 is divided by 19?
18
What is the remainder when 156 is divided by 47?
15
What is the remainder when 1767 is divided by 293?
9
Calculate the remainder when 99 is divided by 69.
30
Calculate the remainder when 4299 is divided by 3.
0
Calculate the remainder when 151 is divided by 78.
73
Calculate the remainder when 142 is divided by 23.
4
What is the remainder when 82 is divided by 1?
0
What is the remainder when 1400 is divided by 30?
20
What is the remainder when 215 is divided by 72?
71
What is the remainder when 172 is divided by 91?
81
Calculate the remainder when 145 is divided by 55.
35
What is the remainder when 491 is divided by 71?
65
What is the remainder when 390 is divided by 139?
112
What is the remainder when 521 is divided by 18?
17
Calculate the remainder when 1576 is divided by 79.
75
What is the remainder when 339 is divided by 31?
29
What is the remainder when 192 is divided by 54?
30
What is the remainder when 16115 is divided by 71?
69
What is the remainder when 23 is divided by 4?
3
What is the remainder when 230 is divided by 56?
6
Calculate the remainder when 201 is divided by 29.
27
What is the remainder when 4126 is divided by 14?
10
What is the remainder when 10 is divided by 3?
1
Calculate the remainder when 180 is divided by 32.
20
Calculate the remainder when 278 is divided by 94.
90
Calculate the remainder when 8457 is divided by 45.
42
What is the remainder when 223 is divided by 79?
65
Calculate the remainder when 1225 is divided by 400.
25
Calculate the remainder when 241 is divided by 46.
11
What is the remainder when 106 is divided by 27?
25
Calculate the remainder when 1637 is divided by 149.
147
What is the remainder when 2126 is divided by 112?
110
Calculate the remainder when 409 is divided by 167.
75
Calculate the remainder when 227 is divided by 58.
53
What is the remainder when 80 is divided by 27?
26
Calculate the remainder when 7070 is divided by 3530.
10
What is the remainder when 224 is divided by 46?
40
Calculate the remainder when 456 is divided by 79.
61
What is the remainder when 374 is divided by 195?
179
Calculate the remainder when 2636 is divided by 33.
29
What is the remainder when 261 is divided by 44?
41
Calculate the remainder when 22086 is divided by 28.
22
Calculate the remainder when 61 is divided by 23.
15
Calculate the remainder when 1163 is divided by 15.
8
Calculate the remainder when 687 is divided by 46.
43
Calculate the remainder when 9 is divided by 7.
2
Calculate the remainder when 3230 is divided by 13.
6
What is the remainder when 838 is divided by 35?
33
Calculate the remainder when 25662 is divided by 87.
84
What is the remainder when 594 is divided by 125?
94
What is the remainder when 538 is divided by 15?
13
What is the remainder when 367 is divided by 181?
5
What is the remainder when 990 is divided by 53?
36
Calculate the remainder when 91 is divided by 26.
13
Calculate the remainder when 574 is divided by 48.
46
Calculate the remainder when 1834 is divided by 153.
151
What is the remainder when 24 is divided by 18?
6
Calculate the remainder when 529 is divided by 45.
34
What is the remainder when 6687 is divided by 32?
31
What is the remainder when 1018 is divided by 499?
20
What is the remainder when 929 is divided by 227?
21
Calculate the remainder when 993 is divided by 162.
21
What is the remainder when 81 is divided by 75?
6
What is the remainder when 284 is divided by 14?
4
What is the remainder when 83 is divided by 17?
15
What is the remainder when 2111 is divided by 33?
32
Calculate the remainder when 15 is divided by 7.
1
Calculate the remainder when 135 is divided by 120.
15
Calculate the remainder when 8156 is divided by 20.
16
Calculate the remainder when 4530 is divided by 11.
9
Calculate the remainder when 2382 is divided by 184.
174
Calculate the remainder when 146 is divided by 42.
20
Calculate the remainder when 5631 is divided by 22.
21
What is the remainder when 95 is divided by 8?
7
What is the remainder when 2296 is divided by 6?
4
Calculate the remainder when 82 is divided by 5.
2
What is the remainder when 6591 is divided by 21?
18
Calculate the remainder when 13048 is divided by 31.
28
Calculate the remainder when 65 is divided by 25.
15
Calculate the remainder when 1737 is divided by 85.
37
What is the remainder when 1437 is divided by 45?
42
Calculate the remainder when 544 is divided by 142.
118
Calculate the remainder when 24045 is divided by 9.
6
Calculate the remainder when 580 is divided by 47.
16
What is the remainder when 1376 is divided by 13?
11
What is the remainder when 1187 is divided by 185?
77
What is the remainder when 3286 is divided by 411?
409
Calculate the remainder when 23 is divided by 23.
0
Calculate the remainder when 211 is divided by 64.
19
Calculate the remainder when 835 is divided by 120.
115
Calculate the remainder when 2577 is divided by 152.
145
What is the remainder when 382 is divided by 39?
31
Calculate the remainder when 237 is divided by 121.
116
What is the remainder when 2235 is divided by 279?
3
Calculate the remainder when 350 is divided by 41.
22
Calculate the remainder when 265 is divided by 97.
71
What is the remainder when 385 is divided by 82?
57
Calculate the remainder when 809 is divided by 137.
124
Calculate the remainder when 148 is divided by 26.
18
What is the remainder when 603 is divided by 13?
5
Calculate the remainder when 289 is divided by 28.
9
Calculate the remainder when 171 is divided by 15.
6
What is the remainder when 65 is divided by 6?
5
What is the remainder when 566 is divided by 152?
110
Calculate the remainder when 1723 is divided by 25.
23
What is the remainder when 1241 is divided by 96?
89
What is the remainder when 6349 is divided by 453?
7
Calculate the remainder when 2297 is divided by 36.
29
Calculate the remainder when 399 is divided by 43.
12
Calculate the remainder when 62222 is divided by 16.
14
Calculate the remainder when 14037 is divided by 15.
12
What is the remainder when 6943 is divided by 28?
27
What is the remainder when 1795 is divided by 72?
67
What is the remainder when 28 is divided by 4?
0
Calculate the remainder when 14085 is divided by 21.
15
What is the remainder when 681 is divided by 47?
23
Calculate the remainder when 913 is divided by 173.
48
What is the remainder when 1467 is divided by 12?
3
What is the remainder when 1320 is divided by 187?
11
What is the remainder when 3221 is divided by 62?
59
Calculate the remainder when 202 is divided by 26.
20
Calculate the remainder when 334 is divided by 30.
4
What is the remainder when 746 is divided by 54?
44
What is the remainder when 156 is divided by 27?
21
What is the remainder when 334 is divided by 14?
12
What is the remainder when 621 is divided by 89?
87
What is the remainder when 405 is divided by 6?
3
What is the remainder when 275 is divided by 40?
35
Calculate the remainder when 1253 is divided by 54.
11
What is the remainder when 436 is divided by 29?
1
What is th